ber?
True
Is 633461 composite?
False
Is 1098209 a composite number?
True
Is 614592743 prime?
False
Is 2012279 prime?
False
Is 5915033 prime?
True
Is 11464507 composite?
True
Is 2591499 a prime number?
False
Is 936571 a prime number?
False
Is 21538703 a composite number?
False
Is 48544801 a composite number?
True
Is 120898759 a prime number?
True
Is 832769 a prime number?
False
Is 6809297 composite?
True
Is 10514769 a composite number?
True
Is 6322373 a composite number?
True
Is 11354729 prime?
True
Is 595849 composite?
True
Is 308540731 composite?
False
Is 151851979 a composite number?
False
Is 15712391 composite?
False
Is 194861 composite?
False
Is 169477423 composite?
False
Is 928001 prime?
True
Is 528635 a prime number?
False
Is 58173923 composite?
True
Is 989267 prime?
False
Is 37369597 composite?
True
Is 1052035229 a prime number?
False
Is 6991891 a composite number?
True
Is 21620743 a prime number?
False
Is 25346401 prime?
True
Is 6518747 prime?
True
Is 2572153 a composite number?
False
Is 432689 composite?
True
Is 123897 prime?
False
Is 505193123 a prime number?
True
Is 5310941 a composite number?
True
Is 99251221 prime?
True
Is 13176379 a prime number?
True
Is 671647 a prime number?
True
Is 816674 a composite number?
True
Is 3316843 prime?
True
Is 68377657 a composite number?
False
Is 260862751 prime?
False
Is 29817623 a prime number?
False
Is 489623 prime?
False
Is 969185327 a prime number?
False
Is 3244907 a composite number?
False
Is 60226681 a composite number?
False
Is 45451711 a prime number?
True
Is 2191067 a composite number?
False
Is 6874697 a prime number?
False
Is 108883969 prime?
False
Is 33589919 composite?
True
Is 2508347 a prime number?
True
Is 100050079 a prime number?
True
Is 13305709 composite?
False
Is 25613569 prime?
True
Is 2625137 a composite number?
False
Is 66175469 a prime number?
False
Is 11024887 prime?
True
Is 247307419 composite?
True
Is 8107717 a prime number?
True
Is 9960953 composite?
True
Is 30540637 a prime number?
True
Is 1319191 prime?
True
Is 2644307 prime?
False
Is 49137457 prime?
True
Is 407088677 a prime number?
True
Is 2967031 a composite number?
False
Is 110654463 a prime number?
False
Is 3795229 a prime number?
False
Is 9244439 a composite number?
False
Is 35123702 a prime number?
False
Is 1934263 a composite number?
False
Is 32542537 a composite number?
False
Is 3512147 a prime number?
True
Is 490267 a composite number?
False
Is 1597447 prime?
True
Is 1568869 composite?
True
Is 21329485 prime?
False
Is 47506847 composite?
False
Is 462827 prime?
True
Is 300059 a composite number?
True
Is 798451 prime?
True
Is 30857833 composite?
False
Is 4176839 prime?
False
Is 515087 composite?
False
Is 9351406 a composite number?
True
Is 242969 prime?
False
Is 9500957 composite?
False
Is 1094861 a composite number?
True
Is 209578819 a prime number?
True
Is 1405127 composite?
False
Is 580290703 a prime number?
True
Is 452119 composite?
True
Is 1523296685 a prime number?
False
Is 406708651 a composite number?
False
Is 4581803 a prime number?
True
Is 13580483 prime?
False
Is 41808107 composite?
True
Is 5468723 prime?
False
Is 334313321 prime?
True
Is 2205481 a prime number?
True
Is 4306829 composite?
False
Is 98031601 prime?
True
Is 27547759 prime?
True
Is 4931087 a prime number?
False
Is 1940041 composite?
False
Is 3414989 composite?
True
Is 224775143 a composite number?
True
Is 112430639 composite?
True
Is 7222486 a composite number?
True
Is 24983638 a prime number?
False
Is 10707005 prime?
False
Is 1039118001 a composite number?
True
Is 8830441 composite?
False
Is 1700981 prime?
True
Is 10442461 prime?
True
Is 1065568607 prime?
False
Is 558811333 prime?
False
Is 24638689 a composite number?
True
Is 903965 prime?
False
Is 393580177 prime?
False
Is 269063 a composite number?
False
Is 5747261 composite?
True
Is 32903813 prime?
True
Is 51378143 a prime number?
True
Is 2712677 prime?
False
Is 2453843 a composite number?
True
Is 627303469 composite?
True
Is 4250479 a composite number?
False
Is 41872429 composite?
False
Is 197731 prime?
False
Is 1255937 a prime number?
False
Is 26132669 a composite number?
True
Is 31265029 a prime number?
True
Is 114203153 a composite number?
False
Is 1641827 prime?
False
Is 1734673 a composite number?
False
Is 137239111 composite?
False
Is 204973 prime?
True
Is 3475261 composite?
False
Is 8022719 prime?
False
Is 15808457 prime?
False
Is 22504883 prime?
False
Is 17436191 prime?
True
Is 1281407 a composite number?
False
Is 73606229 a composite number?
False
Is 5066471 composite?
False
Is 493900861 a composite number?
False
Is 1812919 a prime number?
False
Is 2922545 composite?
True
Is 9286129 a composite number?
False
Is 1349499 a composite number?
True
Is 117790661 a composite number?
False
Is 1924469 prime?
False
Is 18366097 prime?
False
Is 5967341 prime?
True
Is 208667 composite?
False
Is 64427215 composite?
True
Is 86080147 a prime number?
True
Is 136325141 composite?
True
Is 25892939 composite?
False
Is 32183789 composite?
True
Is 27737735 a prime number?
False
Is 5574941 a prime number?
False
Is 3534017 prime?
True
Is 2246597 composite?
True
Is 65044067 prime?
False
Is 603205315 a composite number?
True
Is 6705449 a prime number?
True
Is 27488849 composite?
False
Is 95064509 a composite number?
False
Is 56204833 prime?
True
Is 2421523 composite?
True
Is 77944577 prime?
True
Is 4925131 a composite number?
True
Is 15727973 a composite number?
False
Is 2643107 composite?
False
Is 13601531 composite?
True
Is 53632259 a composite number?
False
Is 17310281 composite?
False
Is 79242305 a composite number?
True
Is 12917693 prime?
True
Is 1186541 a composite number?
False
Is 1032965 a composite number?
True
Is 163845851 a composite number?
True
Is 122861107 a prime number?
True
Is 438002969 a prime number?
False
Is 170473 a prime number?
True
Is 3727663 a prime number?
True
Is 3157415 composite?
True
Is 6372463 prime?
False
Is 23967145 a prime number?
False
Is 594727 prime?
False
Is 305642011 a prime number?
True
Is 538438639 a prime number?
True
Is 124520701 a composite number?
True
Is 6567047 composite?
False
Is 124207129 prime?
True
Is 13891697 composite?
False
Is 388903379 composite?
True
Is 129190967 prime?
False
Is 26892311 composite?
True
Is 46199953 a composite number?
False
Is 6142109 prime?
True
Is 157804723 composite?
True
Is 92259653 a prime number?
True
Is 2496883 a composite number?
True
Is 2533913 a prime number?
True
Is 4483345 composite?
True
Is 37029313 a composite number?
False
Is 1667821 composite?
False
Is 3188309 composite?
True
Is 113745459 a prime number?
False
Is 837757 a prime number?
False
Is 2562803 prime?
True
Is 817721 a prime number?
True
Is 37836553 a prime number?
True
Is 12826141 a prime number?
True
Is 38383129 composite?
False
Is 1456943 prime?
True
Is 1894601 a composite number?
False
Is 25715639 prime?
True
Is 9988783 prime?
False
Is 23644421 composite?
False
Is 31254941 a prime number?
False
Is 27161 composite?
True
Is 21412789 a prime number?
True
Is 624322 composite?
True
Is 364499 composite?
False
Is 621469297 prime?
False
Is 16332941 a prime number?
False
Is 113550761 a composite number?
False
Is 5880227 composite?
True
Is 58817441 a composite number?
True
Is 4763827 composite?
True
Is 29134969 prime?
False
Is 2424823 a prime number?
True
Is 121039 a composite number?
False
Is 2029559 a prime number?
False
Is 9086809 prime?
False
Is 19820903 a composite number?
False
Is 1978687 composite?
False
Is 65136457 a prime number?
True
Is 2609749 composite?
True
Is 8740231 prime?
False
Is 281122283 prime?
False
Is 53155147 a prime number?
False
Is 208814341 composite?
False
Is 1600802453 a composite number?
False
Is 161697179 a composite number?
True
Is 25057699 a prime number?
False
Is 477094 a composite number?
True
Is 159707039 composite?
True
Is 1373006 composite?
True
Is 14349757 a composite number?
True
Is 3631993 composite?
True
Is 8024117 prime?
True
Is 25051501 prime?
False
Is 3756527 a prime number?
True
Is 38012909 prime?
False
Is 6694771 a prime number?
False
Is 47203589 composite?
True
Is 613421 a composite number?
False
Is 5967047 composite?
True
Is 177477 a composite number?
True
Is 27154601 a prime number?
True
Is 1149403 prime?
Tr